hundreds digit of 2694438445?
4
What is the ten thousands digit of 36755607?
5
What is the millions digit of 28409324?
8
What is the hundred thousands digit of 293926609?
9
What is the thousands digit of 1276339817?
9
What is the hundreds digit of 3611979020?
0
What is the millions digit of 422240343?
2
What is the millions digit of 69063631?
9
What is the units digit of 2988203621?
1
What is the thousands digit of 81568619?
8
What is the hundreds digit of 300430029?
0
What is the hundred millions digit of 4432918008?
4
What is the ten millions digit of 201304595?
0
What is the millions digit of 150475157?
0
What is the hundred millions digit of 811759280?
8
What is the hundreds digit of 879337882?
8
What is the hundred millions digit of 2791685934?
7
What is the hundreds digit of 72752642?
6
What is the ten thousands digit of 156009836?
0
What is the units digit of 330265024?
4
What is the millions digit of 255935305?
5
What is the thousands digit of 295744843?
4
What is the thousands digit of 3050372902?
2
What is the hundred thousands digit of 10531162?
5
What is the tens digit of 368748823?
2
What is the hundreds digit of 289369917?
9
What is the thousands digit of 88551501?
1
What is the hundred thousands digit of 96469356?
4
What is the ten millions digit of 2863923931?
6
What is the hundred thousands digit of 49141014?
1
What is the ten thousands digit of 395065494?
6
What is the hundred thousands digit of 745789428?
7
What is the thousands digit of 2985725431?
5
What is the millions digit of 116893343?
6
What is the ten millions digit of 440349330?
4
What is the hundreds digit of 838098945?
9
What is the units digit of 66211899?
9
What is the ten thousands digit of 339925889?
2
What is the thousands digit of 106954842?
4
What is the billions digit of 2628975057?
2
What is the hundreds digit of 28353052?
0
What is the billions digit of 5116003861?
5
What is the tens digit of 1068849201?
0
What is the thousands digit of 984242617?
2
What is the thousands digit of 29078329?
8
What is the ten millions digit of 370270788?
7
What is the hundreds digit of 34645821?
8
What is the ten millions digit of 118328392?
1
What is the hundred thousands digit of 848804698?
8
What is the hundred thousands digit of 976310812?
3
What is the hundreds digit of 6556525636?
6
What is the tens digit of 102093482?
8
What is the hundred millions digit of 373477812?
3
What is the thousands digit of 4015718085?
8
What is the millions digit of 5882550?
5
What is the ten millions digit of 1332971621?
3
What is the tens digit of 333447752?
5
What is the hundred millions digit of 4097657727?
0
What is the units digit of 8164491813?
3
What is the ten millions digit of 7131620150?
3
What is the units digit of 2881621337?
7
What is the tens digit of 139723483?
8
What is the millions digit of 10307648?
0
What is the thousands digit of 43189455?
9
What is the hundred millions digit of 1283314459?
2
What is the ten thousands digit of 207170262?
7
What is the tens digit of 83310449?
4
What is the hundred millions digit of 4712508046?
7
What is the thousands digit of 5900690426?
0
What is the thousands digit of 847444558?
4
What is the hundred thousands digit of 24462633?
4
What is the hundred millions digit of 639424684?
6
What is the tens digit of 879113903?
0
What is the tens digit of 208122316?
1
What is the units digit of 86374969?
9
What is the tens digit of 1750586741?
4
What is the ten thousands digit of 2666967787?
6
What is the tens digit of 115175290?
9
What is the thousands digit of 70503218?
3
What is the ten millions digit of 47509524?
4
What is the ten thousands digit of 854944449?
4
What is the hundreds digit of 103047665?
6
What is the thousands digit of 668865108?
5
What is the hundreds digit of 5409094?
0
What is the millions digit of 5886948?
5
What is the units digit of 6984576?
6
What is the tens digit of 563854533?
3
What is the thousands digit of 1813986075?
6
What is the thousands digit of 160121246?
1
What is the hundreds digit of 153757217?
2
What is the tens digit of 28260075?
7
What is the tens digit of 1209160101?
0
What is the thousands digit of 85825188?
5
What is the ten thousands digit of 27155336?
5
What is the units digit of 76575894?
4
What is the millions digit of 124838347?
4
What is the thousands digit of 366287?
6
What is the hundred thousands digit of 222090703?
0
What is the hundred thousands digit of 2566485250?
4
What is the ten thousands digit of 18604547?
0
What is the ten millions digit of 526837187?
2
What is the hundred thousands digit of 91344592?
3
What is the thousands digit of 106527307?
7
What is the hundred thousands digit of 61371230?
3
What is the thousands digit of 2300552343?
2
What is the millions digit of 176517973?
6
What is the millions digit of 276122982?
6
What is the ten thousands digit of 27653146?
5
What is the tens digit of 453928963?
6
What is the tens digit of 259275413?
1
What is the tens digit of 257282685?
8
What is the tens digit of 13988066?
6
What is the hundreds digit of 3273766399?
3
What is the hundred thousands digit of 18186564?
1
What is the tens digit of 1038761385?
8
What is the ten millions digit of 4187228352?
8
What is the tens digit of 7650531364?
6
What is the tens digit of 79689693?
9
What is the units digit of 1847929116?
6
What is the billions digit of 8330970353?
8
What is the thousands digit of 6507217?
7
What is the units digit of 96252597?
7
What is the ten thousands digit of 1686300508?
0
What is the tens digit of 6873780046?
4
What is the tens digit of 248356606?
0
What is the hundred thousands digit of 121600185?
6
What is the tens digit of 40450898?
9
What is the ten millions digit of 736658148?
3
What is the thousands digit of 3095355004?
5
What is the ten thousands digit of 465947927?
4
What is the millions digit of 106283548?
6
What is the hundred millions digit of 141192805?
1
What is the hundred thousands digit of 519839193?
8
What is the hundreds digit of 1461650306?
3
What is the hundred thousands digit of 245365151?
3
What is the millions digit of 27873362?
7
What is the tens digit of 71808036?
3
What is the ten millions digit of 47091496?
4
What is the hundreds digit of 49221867?
8
What is the thousands digit of 191082819?
2
What is the hundred thousands digit of 148563557?
5
What is the thousands digit of 607998471?
8
What is the ten thousands digit of 594233418?
3
What is the units digit of 40815804?
4
What is the tens digit of 77278578?
7
What is the ten millions digit of 278118391?
7
What is the hundreds digit of 120635517?
5
What is the hundred thousands digit of 975256300?
2
What is the hundred millions digit of 1803532947?
8
What is the millions digit of 44202271?
4
What is the tens digit of 142221022?
2
What is the thousands digit of 42860480?
0
What is the tens digit of 4367159409?
0
What is the ten millions digit of 50293207?
5
What is the hundreds digit of 80565846?
8
What is the thousands digit of 67335093?
5
What is the ten thousands digit of 170455122?
5
What is the units digit of 941654889?
9
What is the units digit of 3319766832?
2
What is the thousands digit of 43249408?
9
What is the ten millions digit of 387912143?
8
What is the hundreds digit of 583123878?
8
What is the hundred thousands digit of 97437345?
4
What is the hundred thousands digit of 33690190?
6
What is the thousands digit of 2039583284?
3
What is the millions digit of 1114360473?
4
What is the ten millions digit of 3638259037?
3
What is the hundreds digit of 10201331?
3
What is the hundreds digit of 25120812?
8
What is the hundred millions digit of 5509585671?
5
What is the thousands digit of 2390475773?
5
What is the hundred millions digit of 3180144281?
1
What is the millions digit of 2574677998?
4
What is the billions digit of 2013395891?
2
What is the millions digit of 49600800?
9
What is the billions digit of 8209435442?
8
What is the tens digit of 132855940?
4
What is the thousands digit of 122572784?
2
What is the hundreds digit of 1918188806?
8
What is the hundred thousands digit of 1490920636?
9
What is the thousands digit of 9667171?
7
What is the hundred millions digit of 439700316?
4
What is the tens digit of 105668970?
7
What is the ten thousands digit of 592363716?
